{"id":5880,"date":"2014-01-22T16:06:55","date_gmt":"2014-01-22T16:06:55","guid":{"rendered":"http:\/\/medicure.cmsmasters.net\/?page_id=5880"},"modified":"2023-11-20T19:44:08","modified_gmt":"2023-11-20T19:44:08","slug":"doctors","status":"publish","type":"page","link":"http:\/\/www.nutep.org.br\/portal\/sobre-nos\/doctors\/","title":{"rendered":"Equipe"},"content":{"rendered":"<p><strong>DIRE\u00c7\u00c3O<\/strong><br \/>\nPresidente: RITA MARIA CAVALCANTE BRASIL<br \/>\nDiretor: JOS\u00c9 LUCIVAN MIRANDA<\/p>\n<p><strong>RECEP\u00c7\u00c3O<\/strong><\/p>\n<p>ANA ERIKA SILVA DOS SANTOS<br \/>\nANT\u00d4NIO HADDYSSON ROCHA FERNANDES<br \/>\nBRUNA DA SILVA OLIVEIRA<br \/>\nKARLIANE DA SILVA MATIAS<br \/>\nLETICIA VITORIA CARVALHO RODRIGUES<br \/>\nMAGENIZIA MARQUES DA SILVA AZEVEDO<br \/>\nMARIA BEATRIZ DE OLIVEIRA FRAN\u00c7A<br \/>\nMARIA REGINA DOS SANTOS SILVA<br \/>\nMATEUS OLIVEIRA PEREIRA<br \/>\nNADJA LIARA QUEIROZ RODRIGUES<br \/>\nVIRGINIA CL\u00c1UDIA CARDOSO DO NASCIMENTO<\/p>\n<p><strong>ATENDENTE DE ENFERMAGEM<\/strong><\/p>\n<p>JAMYRES DE OLIVEIRA MODESTO<br \/>\nJANAINA DOS SANTOS MARQUES<\/p>\n<p><strong>SETOR DE ADMINISTRA\u00c7\u00c3O<\/strong><\/p>\n<p>CLARA L\u00daCIA HOLANDA MORENO DE LIMA<br \/>\nMANOEL CLECIANO FERREIRA DE SOUSA<\/p>\n<p><strong>SETOR DE INFORM\u00c1TICA<\/strong><\/p>\n<p>ALISSON VIANA RODRIGUES<br \/>\nFRANCISCO VILAMAR DE CASTRO BASTOS<br \/>\nMATHEUS MUNIZ GOMES<br \/>\nPAULA RAFAELA SOUSA DOS SANTOS<br \/>\nSANDRA ELZA GOMES BARBOSA<\/p>\n<p><strong>OFICINA<\/strong><\/p>\n<p>ANT\u00d4NIA BRENA DA SILVA LOPES DA COSTA<br \/>\nEVERTON MONTEIRO PEREIRA<br \/>\nFRANCISCO ANTONIO CANDIDO DA SILVA<br \/>\nGABRIEL MONTEIRO DE ANDRADE<br \/>\nHIONELLE FERREIRA BRAGA<br \/>\nJOHN LENNON LEITE DOS SANTOS<br \/>\nOTAVIO VIANA DA COSTA<br \/>\nRAIMUNDA VIEIRA DE ARA\u00daJO REGIS<br \/>\nVAL\u00c9RIA ROSA DE CARVALHO<\/p>\n<p><strong>SETOR DE SERVI\u00c7OS GERAIS<\/strong><\/p>\n<p>ANTONILDA PORFIRIO DE OLIVEIRA<br \/>\nANT\u00d4NIA LIMA DA SILVA<br \/>\nELIZ\u00c2NGELA DA SILVA MONTEIRO<br \/>\nJAQUELINE FERREIRA DA SILVA<br \/>\nLIDIANA DOS SANTOS SOUSA<br \/>\nMARCIA JACINTO MOURA ROCHA<br \/>\nMARIA IVONEIDE DE OLIVEIRA ALMEIDA<br \/>\nSUELY DA COSTA SILVA<br \/>\nVILAUBA MARIA FERREIRA DE SOUSA<\/p>\n<p><strong>SETOR DE ENFERMAGEM<\/strong><br \/>\nMILENA MONTE DA SILVA<\/p>\n<p><strong>SETOR DE FINAN\u00c7AS<\/strong><br \/>\nCINARA MARIA MARQUES DA SILVA<\/p>\n<p><strong>M\u00c9DICOS<\/strong><\/p>\n<p>ADELINA MARIA FEITOSA GOMES<br \/>\nANA VALERIA CARNEIRO TEIXEIRA<br \/>\nANGELITA ANIBAL DE CASTRO<br \/>\nCAROLINA DE FIGUEIREDO SANTOS<br \/>\nDAVI MOSHE LEOPOLD LOPES<br \/>\nGEMIMA GARCIA GADELHA<br \/>\nJULIANA SOEIRO MAIA<br \/>\nNORMA MARTINS DE MENEZES MORAIS<br \/>\nRENATA CASTRO KEHDI<br \/>\nYURI OLIVEIRA MACHADO<\/p>\n<p><strong>SERVI\u00c7O SOCIAL<\/strong><\/p>\n<p>ALINE GURGEL FONSECA<br \/>\nANGELICA MARIA BARBOSA<br \/>\nCARLA SANTOS LIMA<br \/>\nDEBORA MARIA DA SILVA RIBEIRO<br \/>\nJULIA D AVILA SANTIAGO CAVALCANTE<br \/>\nTAINA MATOS MOREIRA<\/p>\n<p><strong>FONOAUDI\u00d3LOGOS<\/strong><\/p>\n<p>ALINE MARIA DE ARAUJO AGUIAR<br \/>\nALLEX JOHNSON PEREIRA FRANCO<br \/>\nBARBARA FURTADO KELSCH<br \/>\nCINTIA DA SILVA OLIVEIRA<br \/>\nEMANUELLE LEITE GONDIM OLIVEIRA<br \/>\nFATIMA CAMILA BARRETO RATS<br \/>\nFRANCISCA ANDREA FONTENELE MEIRA<br \/>\nINES CHRISTINA DE CASTRO SEVERO DE OLIVEIRA<br \/>\nIRANLUEDJA DE VASCONCELOS GOMES<br \/>\nISABEL GRANGEIRO DE LIMA<br \/>\nJACELE ARAGAO DE CASTRO<br \/>\nJOSEFA FERREIRA DE SOUZA BRITO<br \/>\nJOVANKA SOARES MONTEIRO LOPES<br \/>\nJULIANA HOLANDA VASCONCELOS<br \/>\nKARINA CAMPOS DE SOUSA<br \/>\nKARISE MONTE DE SOUSA<br \/>\nLARISSA BARBOSA SILVA<br \/>\nLILIANE RODRIGUES ALCANTARA MELO<br \/>\nLUCAS DE SOUSA MAGALHAES<br \/>\nMARIA CLARA NEVES MEDEIROS<br \/>\nMARIANITA VALE GONCALVES<br \/>\nPOLYANA LOPES MOUTA<br \/>\nRAFAELA FORTES AVELINO GURGEL<br \/>\nRENATO GLEYSON NASCIMENTO<br \/>\nSARAH AQUINO MOURA AROUCA<br \/>\nSARAH PIETRA BATISTA NUNES FACANHA<br \/>\nTHAYNA BRITO DE OLIVEIRA<\/p>\n<p><strong>TERAPEUTA OCUPACIONAL<\/strong><\/p>\n<p>ANA CELIA ROCHA FORTE<br \/>\nANA MARCIA FERREIRA DE ARAUJO<br \/>\nANTONIA PAULA ERIKA PINHEIRO SILVA<br \/>\nCAMILA PONTES ALBUQUERQUE<br \/>\nCARUENA CAVALCANTE TEIXEIRA<br \/>\nCINTIA BEZERRA DA SILVA<br \/>\nEMILIANE MACAMBIRA DE FRANCA<br \/>\nERICA FEITOSA CAVALCANTE<br \/>\nERIKA MESQUITA BARRETO<br \/>\nFERNANDA AMELIA LOPES NASCIMENTO<br \/>\nFLAVIA LACERDA MOREIRA<br \/>\nFRANCINEIDE SAMPAIO LIMA<br \/>\nFRANCISCO JOCELIO LEITE DE MOURA<br \/>\nFRANCITEUMA SILVA DE FREITAS<br \/>\nINGRID RAYANNE LINS DE OLIVEIRA<br \/>\nJENNIFER KATHELLEN SILVA BARROS<br \/>\nJESSICA ALVES DE FIGUEIREDO<br \/>\nJOYCE EMANUELLY FERREIRA GONCALVES<br \/>\nJULIANA LEMOS DUARTE JORGE GARCIA<br \/>\nNOELMA TEIXEIRA DE SOUSA<br \/>\nOLIVIA DE ARAUJO PEREIRA PADILHA<br \/>\nSABRINA AQUINO DE ABREU<br \/>\nTAINNAN VILANTE E SILVA<br \/>\nTHAISA DUARTE TEIXEIRA<\/p>\n<p><strong>PSIC\u00d3LOGOS<\/strong><\/p>\n<p>ANA CRISTINA BRAGA SARAIVA<br \/>\nLUCIANA DE SOUZA RODRIGUES<br \/>\nMARIA CLARA ANDRADE BRITO<br \/>\nMARINA DUARTE FERREIRA DIAS<br \/>\nNAIANE GOMES ANDRADE<br \/>\nSEBASTIANA SARAH MARTINS LACERDA<\/p>\n<p><strong>FISIOTERAPEUTAS<\/strong><\/p>\n<p>ADOHILMA LOPES DE SOUZA<br \/>\nALICE MARIA DE SA CAMARA<br \/>\nAMANDA MARIA VERAS DE ASSIS<br \/>\nANNA RACHEL ALCANTARA COELHO BOMFIM<br \/>\nARTENYZIA MENDONCA DE BRITO<br \/>\nBRYGYDA REGIS AIRES DA COSTA<br \/>\nDAISY MARIA BARBOSA FREIRE<br \/>\nGLAUDIANE SILVA PAIVA<br \/>\nISABELLA NOGUEIRA FEIJO<br \/>\nLUCIANA PINTO BASTOS DA SILVA<br \/>\nMARIA CAROLYNE BRAGA LOPES<br \/>\nMARIA DO SOCORRO ALENCAR HOLANDA DOS SANTOS<br \/>\nMONICA FERREIRA GOMES FERNANDES<br \/>\nNATASHA KELLY QUEIROZ DE LIMA<br \/>\nREBECA BARBOSA BARRETO<\/p>\n<p><strong>MUSICOTERAPEUTAS<\/strong><br \/>\nGLAIRTON DE MORAES SANTIAGO<br \/>\nLEONARDO MOURA ROCHA<\/p>\n<p><strong>SEGURAN\u00c7A DO TRABALHO<\/strong><br \/>\nEDIVANDRO PEREIRA SILVA<\/p>\n","protected":false},"excerpt":{"rendered":"<p>DIRE\u00c7\u00c3O Presidente: RITA MARIA CAVALCANTE BRASIL Diretor: JOS\u00c9 LUCIVAN MIRANDA RECEP\u00c7\u00c3O ANA ERIKA SILVA DOS SANTOS ANT\u00d4NIO HADDYSSON ROCHA FERNANDES BRUNA DA SILVA OLIVEIRA KARLIANE DA SILVA MATIAS LETICIA VITORIA CARVALHO RODRIGUES MAGENIZIA MARQUES DA SILVA AZEVEDO MARIA BEATRIZ DE OLIVEIRA FRAN\u00c7A MARIA REGINA DOS SANTOS SILVA MATEUS OLIVEIRA PEREIRA NADJA LIARA QUEIROZ RODRIGUES VIRGINIA&#8230;<\/p>\n","protected":false},"author":1,"featured_media":0,"parent":6366,"menu_order":4,"comment_status":"closed","ping_status":"closed","template":"","meta":{"footnotes":""},"class_list":["post-5880","page","type-page","status-publish","hentry"],"_links":{"self":[{"href":"http:\/\/www.nutep.org.br\/portal\/wp-json\/wp\/v2\/pages\/5880","targetHints":{"allow":["GET"]}}],"collection":[{"href":"http:\/\/www.nutep.org.br\/portal\/wp-json\/wp\/v2\/pages"}],"about":[{"href":"http:\/\/www.nutep.org.br\/portal\/wp-json\/wp\/v2\/types\/page"}],"author":[{"embeddable":true,"href":"http:\/\/www.nutep.org.br\/portal\/wp-json\/wp\/v2\/users\/1"}],"replies":[{"embeddable":true,"href":"http:\/\/www.nutep.org.br\/portal\/wp-json\/wp\/v2\/comments?post=5880"}],"version-history":[{"count":20,"href":"http:\/\/www.nutep.org.br\/portal\/wp-json\/wp\/v2\/pages\/5880\/revisions"}],"predecessor-version":[{"id":7681,"href":"http:\/\/www.nutep.org.br\/portal\/wp-json\/wp\/v2\/pages\/5880\/revisions\/7681"}],"up":[{"embeddable":true,"href":"http:\/\/www.nutep.org.br\/portal\/wp-json\/wp\/v2\/pages\/6366"}],"wp:attachment":[{"href":"http:\/\/www.nutep.org.br\/portal\/wp-json\/wp\/v2\/media?parent=5880"}],"curies":[{"name":"wp","href":"https:\/\/api.w.org\/{rel}","templated":true}]}}