{"id":6427,"date":"2016-05-02T23:20:00","date_gmt":"2016-05-02T23:20:00","guid":{"rendered":"http:\/\/www.nutep.org.br\/portal\/?page_id=6427"},"modified":"2016-05-04T23:38:44","modified_gmt":"2016-05-04T23:38:44","slug":"servicos-de-intervencao-precoce-e-reabilitacao","status":"publish","type":"page","link":"http:\/\/www.nutep.org.br\/portal\/testimonials\/servicos\/servicos-de-intervencao-precoce-e-reabilitacao\/","title":{"rendered":"Servi\u00e7os de Interven\u00e7\u00e3o Precoce e Reabilita\u00e7\u00e3o"},"content":{"rendered":"","protected":false},"excerpt":{"rendered":"","protected":false},"author":1,"featured_media":0,"parent":6384,"menu_order":2,"comment_status":"closed","ping_status":"closed","template":"services.php","meta":{"footnotes":""},"class_list":["post-6427","page","type-page","status-publish","hentry"],"_links":{"self":[{"href":"http:\/\/www.nutep.org.br\/portal\/wp-json\/wp\/v2\/pages\/6427","targetHints":{"allow":["GET"]}}],"collection":[{"href":"http:\/\/www.nutep.org.br\/portal\/wp-json\/wp\/v2\/pages"}],"about":[{"href":"http:\/\/www.nutep.org.br\/portal\/wp-json\/wp\/v2\/types\/page"}],"author":[{"embeddable":true,"href":"http:\/\/www.nutep.org.br\/portal\/wp-json\/wp\/v2\/users\/1"}],"replies":[{"embeddable":true,"href":"http:\/\/www.nutep.org.br\/portal\/wp-json\/wp\/v2\/comments?post=6427"}],"version-history":[{"count":1,"href":"http:\/\/www.nutep.org.br\/portal\/wp-json\/wp\/v2\/pages\/6427\/revisions"}],"predecessor-version":[{"id":6428,"href":"http:\/\/www.nutep.org.br\/portal\/wp-json\/wp\/v2\/pages\/6427\/revisions\/6428"}],"up":[{"embeddable":true,"href":"http:\/\/www.nutep.org.br\/portal\/wp-json\/wp\/v2\/pages\/6384"}],"wp:attachment":[{"href":"http:\/\/www.nutep.org.br\/portal\/wp-json\/wp\/v2\/media?parent=6427"}],"curies":[{"name":"wp","href":"https:\/\/api.w.org\/{rel}","templated":true}]}}