{"id":6432,"date":"2016-05-04T23:40:00","date_gmt":"2016-05-04T23:40:00","guid":{"rendered":"http:\/\/www.nutep.org.br\/portal\/?page_id=6432"},"modified":"2016-08-23T14:05:06","modified_gmt":"2016-08-23T14:05:06","slug":"audiologia-e-intectual-tea","status":"publish","type":"page","link":"http:\/\/www.nutep.org.br\/portal\/testimonials\/servicos\/audiologia-e-intectual-tea\/","title":{"rendered":"Audiologia e Intectual &#8211; TEA"},"content":{"rendered":"<p style=\"text-align: justify;\">\u00a0 \u00a0 Desde 2004 o NUTEP \u00e9 um Centro de Refer\u00eancia no Cear\u00e1 em Audiologia.\u00a0Em 2014 foi habilitado pelo Minist\u00e9rio da Sa\u00fade como um Centro Especializado em Reabilita\u00e7\u00e3o II abrangendo as \u00e1reas de Audiologia e Intelectual \u2013 TEA.<\/p>\n<p style=\"text-align: justify;\">\u00a0 \u00a0 No campo da Audiologia realiza diagn\u00f3stico e tratamento das defici\u00eancias auditivas em crian\u00e7as e adultos, atrav\u00e9s de Triagem Auditiva Neonatal, Diagn\u00f3stico Auditivo (Audiometria, Imitanciometria, Emiss\u00f5es Otoac\u00fastica e BERA), sele\u00e7\u00e3o, adapta\u00e7\u00e3o e entrega de Pr\u00f3teses Auditivas, bem como, sistemas de Frequ\u00eancia Modular \u2013 FM, disponibilizados pelo Sistema \u00danico de Sa\u00fade\/Minist\u00e9rio da Sa\u00fade.<\/p>\n<p style=\"text-align: justify;\">\u00a0 \u00a0 Em 2015, o NUTEP implantou o servi\u00e7o de aten\u00e7\u00e3o a pacientes com Transtorno do Espectro Autista \u2013 TEA (Unidade II).O Servi\u00e7o realiza avalia\u00e7\u00e3o, interven\u00e7\u00e3o e acompanhamento de crian\u00e7as com diagn\u00f3stico ou sinais e sintomas de alerta para o Autismo, atrav\u00e9s de uma equipe multiprofissional, nas \u00e1reas de Neuropediatria, Pediatria, Enfermagem, Assist\u00eancia Social, Psicologia, Terapia Ocupacional e Fonoaudiologia.<\/p>\n<p style=\"text-align: justify;\">\u00a0 \u00a0 O programa engloba a\u00e7\u00f5es terap\u00eauticas com a crian\u00e7a, tendo como base de interven\u00e7\u00e3o, o Plano Terap\u00eautico Singular. Nele s\u00e3o estabelecidas metas e estrat\u00e9gias a serem desenvolvidas com cada crian\u00e7a. S\u00e3o a\u00e7\u00f5es focadas na fam\u00edlia, atrav\u00e9s de um treinamento sistem\u00e1tico de pais e cuidadores, oferecendo suporte emocional e orienta\u00e7\u00f5es em rela\u00e7\u00e3o ao manejo e tratamento. O foco principal \u00e9 melhorar a capacidade de adapta\u00e7\u00e3o, intera\u00e7\u00e3o social e comunica\u00e7\u00e3o das crian\u00e7as com autismo e acolhimento das fam\u00edlias.<\/p>\n","protected":false},"excerpt":{"rendered":"<p>\u00a0 \u00a0 Desde 2004 o NUTEP \u00e9 um Centro de Refer\u00eancia no Cear\u00e1 em Audiologia.\u00a0Em 2014 foi habilitado pelo Minist\u00e9rio da Sa\u00fade como um Centro Especializado em Reabilita\u00e7\u00e3o II abrangendo as \u00e1reas de Audiologia e Intelectual \u2013 TEA. \u00a0 \u00a0 No campo da Audiologia realiza diagn\u00f3stico e tratamento das defici\u00eancias auditivas em crian\u00e7as e adultos,&#8230;<\/p>\n","protected":false},"author":1,"featured_media":0,"parent":6384,"menu_order":6,"comment_status":"closed","ping_status":"closed","template":"services.php","meta":{"footnotes":""},"class_list":["post-6432","page","type-page","status-publish","hentry"],"_links":{"self":[{"href":"http:\/\/www.nutep.org.br\/portal\/wp-json\/wp\/v2\/pages\/6432","targetHints":{"allow":["GET"]}}],"collection":[{"href":"http:\/\/www.nutep.org.br\/portal\/wp-json\/wp\/v2\/pages"}],"about":[{"href":"http:\/\/www.nutep.org.br\/portal\/wp-json\/wp\/v2\/types\/page"}],"author":[{"embeddable":true,"href":"http:\/\/www.nutep.org.br\/portal\/wp-json\/wp\/v2\/users\/1"}],"replies":[{"embeddable":true,"href":"http:\/\/www.nutep.org.br\/portal\/wp-json\/wp\/v2\/comments?post=6432"}],"version-history":[{"count":4,"href":"http:\/\/www.nutep.org.br\/portal\/wp-json\/wp\/v2\/pages\/6432\/revisions"}],"predecessor-version":[{"id":6594,"href":"http:\/\/www.nutep.org.br\/portal\/wp-json\/wp\/v2\/pages\/6432\/revisions\/6594"}],"up":[{"embeddable":true,"href":"http:\/\/www.nutep.org.br\/portal\/wp-json\/wp\/v2\/pages\/6384"}],"wp:attachment":[{"href":"http:\/\/www.nutep.org.br\/portal\/wp-json\/wp\/v2\/media?parent=6432"}],"curies":[{"name":"wp","href":"https:\/\/api.w.org\/{rel}","templated":true}]}}